 a multiple of 45?
True
Is 29 a factor of 609?
True
Is 16 a factor of 816?
True
Is 13784 a multiple of 65?
False
Is 8 a factor of 101?
False
Is 11 a factor of 1643?
False
Is 4275 a multiple of 25?
True
Does 60 divide 37260?
True
Does 49 divide 22687?
True
Is 6300 a multiple of 21?
True
Does 41 divide 1248?
False
Does 34 divide 102271?
False
Does 24 divide 30216?
True
Does 58 divide 13496?
False
Does 37 divide 2775?
True
Is 198 a multiple of 6?
True
Is 16 a factor of 55920?
True
Is 22 a factor of 792?
True
Is 4130 a multiple of 59?
True
Does 79 divide 666?
False
Is 944 a multiple of 27?
False
Does 9 divide 222?
False
Does 3 divide 17196?
True
Is 1539 a multiple of 99?
False
Does 72 divide 6408?
True
Is 1268 a multiple of 47?
False
Is 1875 a multiple of 35?
False
Does 15 divide 2284?
False
Is 1668 a multiple of 12?
True
Is 12549 a multiple of 141?
True
Is 29422 a multiple of 13?
False
Does 22 divide 341?
False
Does 28 divide 1574?
False
Is 96 a factor of 12000?
True
Does 48 divide 7346?
False
Is 3 a factor of 1342?
False
Is 133 a factor of 19019?
True
Is 57 a factor of 228?
True
Does 199 divide 33517?
False
Is 3 a factor of 936?
True
Is 29 a factor of 244?
False
Does 13 divide 533?
True
Does 65 divide 65000?
True
Is 6 a factor of 766?
False
Is 8 a factor of 13425?
False
Is 720 a multiple of 30?
True
Is 19404 a multiple of 44?
True
Is 5528 a multiple of 4?
True
Is 410 even?
True
Does 75 divide 18159?
False
Does 39 divide 120?
False
Does 46 divide 644?
True
Is 528 a multiple of 24?
True
Is 2 a factor of 177?
False
Is 14 a factor of 357?
False
Is 12 a factor of 4500?
True
Is 17 a factor of 3502?
True
Is 282 a multiple of 32?
False
Is 89 a factor of 1519?
False
Does 30 divide 840?
True
Is 27 a factor of 1055?
False
Is 57 a factor of 15213?
False
Is 20587 a multiple of 17?
True
Is 8825 a multiple of 8?
False
Is 5964 a multiple of 21?
True
Does 6 divide 2370?
True
Is 14015 a multiple of 125?
False
Does 46 divide 17449?
False
Is 9540 a multiple of 30?
True
Is 1391 a multiple of 13?
True
Is 1200 a multiple of 6?
True
Does 49 divide 1631?
False
Does 9 divide 918?
True
Is 14 a factor of 952?
True
Is 97 a factor of 2425?
True
Is 9 a factor of 2649?
False
Is 3852 a multiple of 16?
False
Is 97 a factor of 1843?
True
Is 8 a factor of 1926?
False
Is 3430 a multiple of 14?
True
Does 14 divide 4457?
False
Is 23617 a multiple of 387?
False
Is 19 a factor of 775?
False
Is 3 a factor of 55?
False
Does 17 divide 5576?
True
Is 2749 a multiple of 23?
False
Does 59 divide 238?
False
Is 66 a factor of 4158?
True
Does 12 divide 3144?
True
Does 42 divide 3903?
False
Is 1717 a multiple of 43?
False
Does 19 divide 76251?
False
Is 132 a multiple of 12?
True
Does 6 divide 7708?
False
Is 15411 a multiple of 65?
False
Is 54162 a multiple of 153?
True
Does 4 divide 6406?
False
Is 6 a factor of 3696?
True
Is 3 a factor of 266?
False
Is 5705 a multiple of 51?
False
Is 60 a factor of 3073?
False
Is 621 a multiple of 23?
True
Is 13 a factor of 1040?
True
Is 26 a factor of 7684?
False
Is 35 a factor of 4445?
True
Is 87 a factor of 20880?
True
Does 75 divide 389?
False
Does 25 divide 318?
False
Is 93 a factor of 6401?
False
Does 4 divide 340?
True
Is 101640 a multiple of 42?
True
Does 6 divide 414?
True
Does 56 divide 22680?
True
Does 9 divide 1248?
False
Does 14 divide 3780?
True
Is 1038 a multiple of 3?
True
Is 372 a multiple of 28?
False
Does 13 divide 936?
True
Does 11 divide 34672?
True
Does 54 divide 648?
True
Does 15 divide 645?
True
Is 26 a factor of 19916?
True
Is 1064 a multiple of 76?
True
Does 2 divide 7624?
True
Is 13 a factor of 393?
False
Is 29 a factor of 145?
True
Is 315 a factor of 36855?
True
Is 2452 a multiple of 144?
False
Is 6908 a multiple of 44?
True
Does 34 divide 29609?
False
Does 102 divide 67218?
True
Is 225 a multiple of 75?
True
Is 10 a factor of 1142?
False
Is 64 a factor of 2854?
False
Is 51900 a multiple of 60?
True
Does 5 divide 2409?
False
Is 13 even?
False
Is 708 a multiple of 21?
False
Is 7209 a multiple of 66?
False
Is 9 a factor of 3192?
False
Is 6 a factor of 1603?
False
Is 1107 a multiple of 19?
False
Does 13 divide 603?
False
Is 9512 a multiple of 82?
True
Is 30 a factor of 5625?
False
Is 13117 a multiple of 98?
False
Does 77 divide 770?
True
Does 174 divide 2610?
True
Is 8 a factor of 432?
True
Is 655 a multiple of 3?
False
Is 673 a multiple of 11?
False
Is 22 a factor of 76758?
True
Is 42724 a multiple of 12?
False
Is 17 a factor of 40783?
True
Does 74 divide 962?
True
Is 52 a factor of 141?
False
Is 4 a factor of 16372?
True
Does 89 divide 6853?
True
Does 14 divide 5838?
True
Does 71 divide 5672?
False
Does 4 divide 10480?
True
Is 100 a factor of 11000?
True
Is 1156 a multiple of 68?
True
Does 29 divide 4031?
True
Is 390 a factor of 69810?
True
Does 5 divide 17566?
False
Is 8910 a multiple of 5?
True
Does 10 divide 2590?
True
Is 96 a factor of 1177?
False
Is 50 a factor of 4030?
False
Does 8 divide 818?
False
Is 13 a factor of 814?
False
Is 103 a multiple of 57?
False
Does 18 divide 2304?
True
Does 13 divide 479?
False
Does 44 divide 3946?
False
Is 279 a multiple of 7?
False
Is 4 a factor of 552?
True
Does 30 divide 240?
True
Is 45 a factor of 41715?
True
Does 3 divide 68?
False
Is 228 a multiple of 6?
True
Does 20 divide 11560?
True
Does 10 divide 130?
True
Is 801 a multiple of 5?
False
Is 9 a factor of 381?
False
Is 204 a multiple of 29?
False
Is 7138 a multiple of 66?
False
Is 241 a factor of 17954?
False
Is 276 a multiple of 27?
False
Is 2555 a multiple of 35?
True
Is 171 a multiple of 19?
True
Is 55 a factor of 825?
True
Does 37 divide 1887?
True
Is 18 a factor of 47292?
False
Is 15908 a multiple of 292?
False
Is 3843 a multiple of 4?
False
Is 43301 a multiple of 43?
True
Is 75 a factor of 2700?
True
Does 108 divide 17114?
False
Is 41723 a multiple of 87?
False
Is 6 a factor of 1194?
True
Is 6 a factor of 248?
False
Does 64 divide 1384?
False
Is 392 a multiple of 49?
True
Is 216 a multiple of 8?
True
Is 252 a multiple of 7?
True
Is 21 a factor of 9687?
False
Does 56 divide 14952?
True
Does 15 divide 585?
True
Is 6 a factor of 46529?
False
Does 47 divide 5499?
True
Does 25 divide 29391?
False
Is 55 a factor of 4565?
True
Is 21 a factor of 19592?
False
Does 8 divide 152?
True
Is 14 a factor of 1316?
True
Is 278 a multiple of 3?
False
Does 194 divide 4463?
False
Does 50 divide 41132?
False
Is 13 a factor of 20334?
False
Is 37 a factor of 5292?
False
Is 33000 a multiple of 22?
True
Is 1553 a multiple of 38?
False
Is 19 a factor of 9764?
False
Does 102 divide 2638?
False
Does 33 divide 5180?
False
Is 1819 even?
False
Is 625 a multiple of 23?
False
Does 5 divide 1980?
True
Does 15 divide 1240?
False
Does 17 divide 9771?
False
Does 77 divide 13554?
False
Does 45 divide 1080?
True
Is 19 a factor of 2585?
False
Does 30 divide 7440?
True
Is 3881 a multiple of 73?
False
Is 198 a multiple of 32?
False
Is 4403 a multiple of 16?
False
Is 11463 a multiple of 20?
False
Does 53 divide 1007?
True
Does 15 divide 3645?
True
Does 8 divide 4360?
True
Is 2131 a multiple of 8?
False
Does 33 divide 3762?
True
Is 574 a multiple of 26?
False
Does 2 divide 46?
True
Is 14 a factor of 1302?
True
Does 14 divide 3339?
False
Does 37 divide 2700?
False
Does 78 divide 3822?
True
Does 54 divide 30926?
False
Is 63 a factor of 11466?
True
Is 24 a factor of 37272?
True
Is 207 a factor of 59616?
True
Is 40 a factor of 40?
True
Is 8 a factor of 12677?
False
Is 424 a multiple of 5?
False
Is 1830 a multiple of 15?
True
Is 65 a factor of 4485?
True
Does 10 divide 2253?
False
Is 42 a factor of 588?
True
Is 56 a factor of 6216?
True
Does 23 divide 7784?
False
Is 3 a factor of 462?
True
Is 48 a factor of 1339?
False
Is 67 a factor of 335?
True
Is 4 a factor of 104?
True
Is 12295 a multiple of 6?
False
Is 11072 a multiple of 8?
True
Is 1812 a multiple of 12?
True
Is 54 a factor of 1865?
False
Is 677 a multiple of 2?
False
Is 616 a multiple of 11?
True
Is 8950 a multiple of 50?
True
Does 4 divide 20?
True
Is 19910 a multiple of 82?
False
Is 10 a factor of 2110?
True
Does 83 divide 9296?
True
Is 8 a factor of 986?
False
Is 2129 a multiple of 32?
False
Is 5 a factor of 10970?
True
Is 9 a factor of 2963?
False
Is 30 a factor of 60?
True
Does 27 divide 6237?
True
Is 83 a factor of 1